{"id":3788,"date":"2025-09-02T21:41:57","date_gmt":"2025-09-02T21:41:57","guid":{"rendered":"https:\/\/evangelhodoseo.com.br\/hidrovida\/?page_id=3788"},"modified":"2026-03-11T21:18:52","modified_gmt":"2026-03-11T21:18:52","slug":"reabilitacao-pos-covid","status":"publish","type":"page","link":"https:\/\/evangelhodoseo.com.br\/hidrovida\/reabilitacao-pos-covid\/","title":{"rendered":"Reabilita\u00e7\u00e3o P\u00f3s Covid"},"content":{"rendered":"<div class=\"wpb-content-wrapper\">[vc_row css=&#8221;.vc_custom_1773263753638{padding-right: 20px !important;padding-left: 20px !important;}&#8221;][vc_column width=&#8221;1\/2&#8243;]<div class=\"row section-heading-wrapper\">\n                            <div class=\"col-md-12 col-sm-12 text-left\">\n                                <h2 class=\"section-heading\" style=\"color:#1E73BE;\" >Programa de Reabilita\u00e7\u00e3o P\u00f3s COVID<\/h2>\n                                <span class=\"heading-separator heading-separator-horizontal\"><\/span>\n                                \n                            <\/div>\n                        <\/div>[vc_column_text css=&#8221;.vc_custom_1765886371999{margin-top: -2em !important;}&#8221;]A preocupa\u00e7\u00e3o mais imediata ap\u00f3s o surgimento e propaga\u00e7\u00e3o da COVID em velocidade inesperada foi com o tratamento e a deten\u00e7\u00e3o do cont\u00e1gio, enquanto um esfor\u00e7o sem precedentes buscava desenvolver vacinas.<\/p>\n<p>Com isto, pouca aten\u00e7\u00e3o vem sendo dada \u00e0s seq\u00fcelas da infec\u00e7\u00e3o vir\u00f3tica. Pouco tempo ap\u00f3s a dissemina\u00e7\u00e3o da pandemia a comunidade m\u00e9dica j\u00e1 identificava modalidades distintas de atua\u00e7\u00e3o do v\u00edrus. Embora a mais comum ou pelo menos a mais percept\u00edvel fosse a infec\u00e7\u00e3o de vias respirat\u00f3rias e pulm\u00f5es, outros \u00f3rg\u00e3os s\u00e3o tamb\u00e9m infectados diretamente \u2013 sistema cardiovascular, sistema m\u00fasculo-esquel\u00e9tico, \u00f3rg\u00e3os internos (rins, est\u00f4mago, intestinos) e, destacadamente, o c\u00e9rebro.<\/p>\n<p>A infec\u00e7\u00e3o vir\u00f3tica n\u00e3o segue um padr\u00e3o repetitivo e previs\u00edvel. Em muitos casos, deixa seq\u00fcelas que se assemelham \u00e0quelas deixadas por outros tipos de infec\u00e7\u00e3o ou epis\u00f3dios m\u00e9dicos.\u00a0 Alguns requerem tratamento fisioter\u00e1pico, como \u00e9 o caso daquelas neurol\u00f3gicas e m\u00fasculo-esquel\u00e9ticas.<\/p>\n<p>A Hidrovida desenvolveu um Programa de Reabilita\u00e7\u00e3o P\u00f3s COVID. Nossas instala\u00e7\u00f5es f\u00edsicas, particularmente as piscinas, nos permitem oferecer o melhor e mais eficaz tratamento reabilitat\u00f3rio. Nossos profissionais det\u00eam expertise e capacita\u00e7\u00e3o t\u00e9cnica e est\u00e3o preparados para receb\u00ea-los com dedica\u00e7\u00e3o e carinho, acompanhando continuamente a evolu\u00e7\u00e3o do tratamento.<\/p>\n<p>Lembramos que desde a retomada de nossas atividades, implantamos um conjunto de protocolos de seguran\u00e7a sanit\u00e1ria.[\/vc_column_text][\/vc_column][vc_column width=&#8221;1\/2&#8243;][vc_single_image image=&#8221;3842&#8243; img_size=&#8221;full&#8221; add_caption=&#8221;yes&#8221; css=&#8221;.vc_custom_1765886358502{padding-top: 60px !important;}&#8221;][\/vc_column][\/vc_row]\n<\/div>","protected":false},"excerpt":{"rendered":"<p>[vc_row css=&#8221;.vc_custom_1773263753638{padding-right: 20px !important;padding-left: 20px !important;}&#8221;][vc_column width=&#8221;1\/2&#8243;][vc_column_text css=&#8221;.vc_custom_1765886371999{margin-top: -2em !important;}&#8221;]A preocupa\u00e7\u00e3o mais imediata ap\u00f3s o surgimento e propaga\u00e7\u00e3o da COVID em velocidade inesperada foi com o tratamento e a deten\u00e7\u00e3o do cont\u00e1gio, enquanto um esfor\u00e7o sem precedentes buscava desenvolver vacinas. Com isto, pouca aten\u00e7\u00e3o vem sendo dada \u00e0s seq\u00fcelas da infec\u00e7\u00e3o vir\u00f3tica. Pouco tempo ap\u00f3s [&hellip;]<\/p>\n","protected":false},"author":2,"featured_media":0,"parent":0,"menu_order":0,"comment_status":"closed","ping_status":"closed","template":"template-homepage-header1.php","meta":{"footnotes":""},"class_list":["post-3788","page","type-page","status-publish","hentry"],"yoast_head":"<!-- This site is optimized with the Yoast SEO plugin v27.4 - https:\/\/yoast.com\/product\/yoast-seo-wordpress\/ -->\n<title>Reabilita\u00e7\u00e3o P\u00f3s Covid - Hidrovida G\u00e1vea: Nata\u00e7\u00e3o, Hidro, Fisioterapia e Studio no RJ<\/title>\n<meta name=\"robots\" content=\"noindex, follow, max-snippet:-1, max-image-preview:large, max-video-preview:-1\" \/>\n<meta property=\"og:locale\" content=\"pt_BR\" \/>\n<meta property=\"og:type\" content=\"article\" \/>\n<meta property=\"og:title\" content=\"Reabilita\u00e7\u00e3o P\u00f3s Covid - Hidrovida G\u00e1vea: Nata\u00e7\u00e3o, Hidro, Fisioterapia e Studio no RJ\" \/>\n<meta property=\"og:description\" content=\"[vc_row css=&#8221;.vc_custom_1773263753638{padding-right: 20px !important;padding-left: 20px !important;}&#8221;][vc_column width=&#8221;1\/2&#8243;][vc_column_text css=&#8221;.vc_custom_1765886371999{margin-top: -2em !important;}&#8221;]A preocupa\u00e7\u00e3o mais imediata ap\u00f3s o surgimento e propaga\u00e7\u00e3o da COVID em velocidade inesperada foi com o tratamento e a deten\u00e7\u00e3o do cont\u00e1gio, enquanto um esfor\u00e7o sem precedentes buscava desenvolver vacinas. Com isto, pouca aten\u00e7\u00e3o vem sendo dada \u00e0s seq\u00fcelas da infec\u00e7\u00e3o vir\u00f3tica. Pouco tempo ap\u00f3s [&hellip;]\" \/>\n<meta property=\"og:url\" content=\"https:\/\/hidrovida.com.brreabilitacao-pos-covid\/\" \/>\n<meta property=\"og:site_name\" content=\"Hidrovida G\u00e1vea: Nata\u00e7\u00e3o, Hidro, Fisioterapia e Studio no RJ\" \/>\n<meta property=\"article:modified_time\" content=\"2026-03-11T21:18:52+00:00\" \/>\n<meta name=\"twitter:card\" content=\"summary_large_image\" \/>\n<meta name=\"twitter:label1\" content=\"Est. tempo de leitura\" \/>\n\t<meta name=\"twitter:data1\" content=\"2 minutos\" \/>\n<script type=\"application\/ld+json\" class=\"yoast-schema-graph\">{\"@context\":\"https:\\\/\\\/schema.org\",\"@graph\":[{\"@type\":\"WebPage\",\"@id\":\"https:\\\/\\\/hidrovida.com.brreabilitacao-pos-covid\\\/\",\"url\":\"https:\\\/\\\/hidrovida.com.brreabilitacao-pos-covid\\\/\",\"name\":\"Reabilita\u00e7\u00e3o P\u00f3s Covid - Hidrovida G\u00e1vea: Nata\u00e7\u00e3o, Hidro, Fisioterapia e Studio no RJ\",\"isPartOf\":{\"@id\":\"https:\\\/\\\/hidrovida.com.br\\\/#website\"},\"datePublished\":\"2025-09-02T21:41:57+00:00\",\"dateModified\":\"2026-03-11T21:18:52+00:00\",\"breadcrumb\":{\"@id\":\"https:\\\/\\\/hidrovida.com.brreabilitacao-pos-covid\\\/#breadcrumb\"},\"inLanguage\":\"pt-BR\",\"potentialAction\":[{\"@type\":\"ReadAction\",\"target\":[\"https:\\\/\\\/hidrovida.com.brreabilitacao-pos-covid\\\/\"]}]},{\"@type\":\"BreadcrumbList\",\"@id\":\"https:\\\/\\\/hidrovida.com.brreabilitacao-pos-covid\\\/#breadcrumb\",\"itemListElement\":[{\"@type\":\"ListItem\",\"position\":1,\"name\":\"In\u00edcio\",\"item\":\"https:\\\/\\\/hidrovida.com.br\"},{\"@type\":\"ListItem\",\"position\":2,\"name\":\"Reabilita\u00e7\u00e3o P\u00f3s Covid\"}]},{\"@type\":\"WebSite\",\"@id\":\"https:\\\/\\\/hidrovida.com.br\\\/#website\",\"url\":\"https:\\\/\\\/hidrovida.com.br\\\/\",\"name\":\"My Blog\",\"description\":\"\",\"potentialAction\":[{\"@type\":\"SearchAction\",\"target\":{\"@type\":\"EntryPoint\",\"urlTemplate\":\"https:\\\/\\\/hidrovida.com.br\\\/?s={search_term_string}\"},\"query-input\":{\"@type\":\"PropertyValueSpecification\",\"valueRequired\":true,\"valueName\":\"search_term_string\"}}],\"inLanguage\":\"pt-BR\"}]}<\/script>\n<!-- \/ Yoast SEO plugin. -->","yoast_head_json":{"title":"Reabilita\u00e7\u00e3o P\u00f3s Covid - Hidrovida G\u00e1vea: Nata\u00e7\u00e3o, Hidro, Fisioterapia e Studio no RJ","robots":{"index":"noindex","follow":"follow","max-snippet":"max-snippet:-1","max-image-preview":"max-image-preview:large","max-video-preview":"max-video-preview:-1"},"og_locale":"pt_BR","og_type":"article","og_title":"Reabilita\u00e7\u00e3o P\u00f3s Covid - Hidrovida G\u00e1vea: Nata\u00e7\u00e3o, Hidro, Fisioterapia e Studio no RJ","og_description":"[vc_row css=&#8221;.vc_custom_1773263753638{padding-right: 20px !important;padding-left: 20px !important;}&#8221;][vc_column width=&#8221;1\/2&#8243;][vc_column_text css=&#8221;.vc_custom_1765886371999{margin-top: -2em !important;}&#8221;]A preocupa\u00e7\u00e3o mais imediata ap\u00f3s o surgimento e propaga\u00e7\u00e3o da COVID em velocidade inesperada foi com o tratamento e a deten\u00e7\u00e3o do cont\u00e1gio, enquanto um esfor\u00e7o sem precedentes buscava desenvolver vacinas. Com isto, pouca aten\u00e7\u00e3o vem sendo dada \u00e0s seq\u00fcelas da infec\u00e7\u00e3o vir\u00f3tica. Pouco tempo ap\u00f3s [&hellip;]","og_url":"https:\/\/hidrovida.com.brreabilitacao-pos-covid\/","og_site_name":"Hidrovida G\u00e1vea: Nata\u00e7\u00e3o, Hidro, Fisioterapia e Studio no RJ","article_modified_time":"2026-03-11T21:18:52+00:00","twitter_card":"summary_large_image","twitter_misc":{"Est. tempo de leitura":"2 minutos"},"schema":{"@context":"https:\/\/schema.org","@graph":[{"@type":"WebPage","@id":"https:\/\/hidrovida.com.brreabilitacao-pos-covid\/","url":"https:\/\/hidrovida.com.brreabilitacao-pos-covid\/","name":"Reabilita\u00e7\u00e3o P\u00f3s Covid - Hidrovida G\u00e1vea: Nata\u00e7\u00e3o, Hidro, Fisioterapia e Studio no RJ","isPartOf":{"@id":"https:\/\/hidrovida.com.br\/#website"},"datePublished":"2025-09-02T21:41:57+00:00","dateModified":"2026-03-11T21:18:52+00:00","breadcrumb":{"@id":"https:\/\/hidrovida.com.brreabilitacao-pos-covid\/#breadcrumb"},"inLanguage":"pt-BR","potentialAction":[{"@type":"ReadAction","target":["https:\/\/hidrovida.com.brreabilitacao-pos-covid\/"]}]},{"@type":"BreadcrumbList","@id":"https:\/\/hidrovida.com.brreabilitacao-pos-covid\/#breadcrumb","itemListElement":[{"@type":"ListItem","position":1,"name":"In\u00edcio","item":"https:\/\/hidrovida.com.br"},{"@type":"ListItem","position":2,"name":"Reabilita\u00e7\u00e3o P\u00f3s Covid"}]},{"@type":"WebSite","@id":"https:\/\/hidrovida.com.br\/#website","url":"https:\/\/hidrovida.com.br\/","name":"My Blog","description":"","potentialAction":[{"@type":"SearchAction","target":{"@type":"EntryPoint","urlTemplate":"https:\/\/hidrovida.com.br\/?s={search_term_string}"},"query-input":{"@type":"PropertyValueSpecification","valueRequired":true,"valueName":"search_term_string"}}],"inLanguage":"pt-BR"}]}},"_links":{"self":[{"href":"https:\/\/evangelhodoseo.com.br\/hidrovida\/wp-json\/wp\/v2\/pages\/3788","targetHints":{"allow":["GET"]}}],"collection":[{"href":"https:\/\/evangelhodoseo.com.br\/hidrovida\/wp-json\/wp\/v2\/pages"}],"about":[{"href":"https:\/\/evangelhodoseo.com.br\/hidrovida\/wp-json\/wp\/v2\/types\/page"}],"author":[{"embeddable":true,"href":"https:\/\/evangelhodoseo.com.br\/hidrovida\/wp-json\/wp\/v2\/users\/2"}],"replies":[{"embeddable":true,"href":"https:\/\/evangelhodoseo.com.br\/hidrovida\/wp-json\/wp\/v2\/comments?post=3788"}],"version-history":[{"count":9,"href":"https:\/\/evangelhodoseo.com.br\/hidrovida\/wp-json\/wp\/v2\/pages\/3788\/revisions"}],"predecessor-version":[{"id":4136,"href":"https:\/\/evangelhodoseo.com.br\/hidrovida\/wp-json\/wp\/v2\/pages\/3788\/revisions\/4136"}],"wp:attachment":[{"href":"https:\/\/evangelhodoseo.com.br\/hidrovida\/wp-json\/wp\/v2\/media?parent=3788"}],"curies":[{"name":"wp","href":"https:\/\/api.w.org\/{rel}","templated":true}]}}