{"id":3693,"date":"2025-08-28T23:14:49","date_gmt":"2025-08-28T23:14:49","guid":{"rendered":"https:\/\/evangelhodoseo.com.br\/hidrovida\/?page_id=3693"},"modified":"2026-03-17T01:17:58","modified_gmt":"2026-03-17T01:17:58","slug":"studio","status":"publish","type":"page","link":"https:\/\/evangelhodoseo.com.br\/hidrovida\/studio\/","title":{"rendered":"Studio"},"content":{"rendered":"<div class=\"wpb-content-wrapper\">[vc_row full_width=&#8221;stretch_row&#8221; sharai_khana_custom_class=&#8221;section-content-block&#8221; css=&#8221;.vc_custom_1756425631206{padding-top: 80px !important;background-color: #edf0f2 !important;}&#8221; el_class=&#8221;section-curve-white-overlary&#8221;][vc_column width=&#8221;1\/2&#8243;]<div class=\"row section-heading-wrapper\">\n                            <div class=\"col-md-12 col-sm-12 text-left\">\n                                <h2 class=\"section-heading heading-alt-style\" >Studio Funcional<\/h2>\n                                <span class=\"heading-separator heading-separator-horizontal\"><\/span>\n                                <h4 class=\"section-subheading subheading-alt-style\">Oferece um acompanhamento personalizado e um treinamento individualizado, de acordo com os objetivos e necessidades f\u00edsicas de cada aluno.<\/p>\n<p>O Programa de Treinamento do Studio Funcional visa melhorar as qualidades f\u00edsicas do aluno, como: for\u00e7a, pot\u00eancia, resist\u00eancia, flexibilidade, agilidade e equil\u00edbrio, permitindo melhor desempenho das fun\u00e7\u00f5es da vida di\u00e1ria.<\/p>\n<p>O Programa de Treinamento tamb\u00e9m atua sobre disfun\u00e7\u00f5es metab\u00f3licas refletidas em obesidade (uma doen\u00e7a inflamat\u00f3ria por si s\u00f3), hipertens\u00e3o, diabetes entre outras. O uso dos pesos, halteres, m\u00e1quinas, kettlebell, polias e cabos potencializa o exerc\u00edcio muscular, induzindo a produ\u00e7\u00e3o de enzimas que atuam nestas disfun\u00e7\u00f5es.<\/h4>\n                            <\/div>\n                        <\/div><a href=\"#\" title=\"Fa\u00e7a uma aula experimental\"   class=\"btn  sharai_khana_custom kc_196119234 btn btn-theme btn-theme-invert \"  data-custom_style=\"a.kc_196119234 {background:#5AC4DE !important; color:#FFFFFF !important; border:0px solid #5AC4DE !important; border-radius:1px !important;}a.kc_196119234:hover {background: #5AC4DE !important; color: #888888 !important; border:0px solid #80B435 !important; border-radius: 1px !important;}\">Fa\u00e7a uma aula experimental<\/a>[\/vc_column][vc_column width=&#8221;1\/2&#8243; css=&#8221;.vc_custom_1756084183821{padding-top: 30px !important;}&#8221;][vc_single_image image=&#8221;4158&#8243; img_size=&#8221;full&#8221; css=&#8221;&#8221;][\/vc_column][\/vc_row][vc_row sharai_khana_custom_class=&#8221;section-content-block&#8221; css=&#8221;.vc_custom_1763516812374{background-color: #FFFFFF !important;}&#8221;][vc_column]<div class=\"row section-heading-wrapper\">\n                            <div class=\"col-md-12 col-sm-12 text-center\">\n                                <h2 class=\"section-heading heading-alt-style\" >Galeria de fotos<\/h2>\n                                <span class=\"heading-separator heading-separator-horizontal\"><\/span>\n                                <h4 class=\"section-subheading subheading-alt-style\">Conhe\u00e7a um pouco do nosso studio<\/h4>\n                            <\/div>\n                        <\/div><div class=\"item_4 row \" ><div class=\"col-md-3 col-sm-6 col-xs-12 gallery-container \">\n                        <div class=\"gallery-box\">\n                        <img loading=\"lazy\" decoding=\"async\" width=\"400\" height=\"400\" src=\"https:\/\/evangelhodoseo.com.br\/hidrovida\/wp-content\/uploads\/2025\/10\/10-1.jpg\" class=\"attachment-full size-full\" alt=\"\" srcset=\"https:\/\/evangelhodoseo.com.br\/hidrovida\/wp-content\/uploads\/2025\/10\/10-1.jpg 400w, https:\/\/evangelhodoseo.com.br\/hidrovida\/wp-content\/uploads\/2025\/10\/10-1-300x300.jpg 300w, https:\/\/evangelhodoseo.com.br\/hidrovida\/wp-content\/uploads\/2025\/10\/10-1-150x150.jpg 150w\" sizes=\"auto, (max-width: 400px) 100vw, 400px\" \/>\n                        <ul class=\"gallery-icon-container\">\n                            <li><a class=\"gallery-light-box\" data-gall=\"myGallery\" href=\"https:\/\/evangelhodoseo.com.br\/hidrovida\/wp-content\/uploads\/2025\/10\/10-1.jpg\"><i class=\"fa fa-brands fa-instagram\"><\/i><\/a><\/li>\n                        <\/ul>\n                    <\/div>\n                    <\/div><div class=\"col-md-3 col-sm-6 col-xs-12 gallery-container \">\n                        <div class=\"gallery-box\">\n                        <img loading=\"lazy\" decoding=\"async\" width=\"600\" height=\"600\" src=\"https:\/\/evangelhodoseo.com.br\/hidrovida\/wp-content\/uploads\/2025\/08\/6.jpg\" class=\"attachment-full size-full\" alt=\"\" srcset=\"https:\/\/evangelhodoseo.com.br\/hidrovida\/wp-content\/uploads\/2025\/08\/6.jpg 600w, https:\/\/evangelhodoseo.com.br\/hidrovida\/wp-content\/uploads\/2025\/08\/6-300x300.jpg 300w, https:\/\/evangelhodoseo.com.br\/hidrovida\/wp-content\/uploads\/2025\/08\/6-150x150.jpg 150w, https:\/\/evangelhodoseo.com.br\/hidrovida\/wp-content\/uploads\/2025\/08\/6-430x430.jpg 430w\" sizes=\"auto, (max-width: 600px) 100vw, 600px\" \/>\n                        <ul class=\"gallery-icon-container\">\n                            <li><a class=\"gallery-light-box\" data-gall=\"myGallery\" href=\"https:\/\/evangelhodoseo.com.br\/hidrovida\/wp-content\/uploads\/2025\/08\/6.jpg\"><i class=\"fa fa-brands fa-instagram\"><\/i><\/a><\/li>\n                        <\/ul>\n                    <\/div>\n                    <\/div><div class=\"col-md-3 col-sm-6 col-xs-12 gallery-container \">\n                        <div class=\"gallery-box\">\n                        <img loading=\"lazy\" decoding=\"async\" width=\"500\" height=\"500\" src=\"https:\/\/evangelhodoseo.com.br\/hidrovida\/wp-content\/uploads\/2025\/11\/Sem-Titulo-1231231.jpg\" class=\"attachment-full size-full\" alt=\"\" srcset=\"https:\/\/evangelhodoseo.com.br\/hidrovida\/wp-content\/uploads\/2025\/11\/Sem-Titulo-1231231.jpg 500w, https:\/\/evangelhodoseo.com.br\/hidrovida\/wp-content\/uploads\/2025\/11\/Sem-Titulo-1231231-300x300.jpg 300w, https:\/\/evangelhodoseo.com.br\/hidrovida\/wp-content\/uploads\/2025\/11\/Sem-Titulo-1231231-150x150.jpg 150w, https:\/\/evangelhodoseo.com.br\/hidrovida\/wp-content\/uploads\/2025\/11\/Sem-Titulo-1231231-430x430.jpg 430w\" sizes=\"auto, (max-width: 500px) 100vw, 500px\" \/>\n                        <ul class=\"gallery-icon-container\">\n                            <li><a class=\"gallery-light-box\" data-gall=\"myGallery\" href=\"https:\/\/evangelhodoseo.com.br\/hidrovida\/wp-content\/uploads\/2025\/11\/Sem-Titulo-1231231.jpg\"><i class=\"fa fa-brands fa-instagram\"><\/i><\/a><\/li>\n                        <\/ul>\n                    <\/div>\n                    <\/div><div class=\"col-md-3 col-sm-6 col-xs-12 gallery-container \">\n                        <div class=\"gallery-box\">\n                        <img loading=\"lazy\" decoding=\"async\" width=\"500\" height=\"500\" src=\"https:\/\/evangelhodoseo.com.br\/hidrovida\/wp-content\/uploads\/2025\/11\/Sem-Titulo-13131.jpg\" class=\"attachment-full size-full\" alt=\"\" srcset=\"https:\/\/evangelhodoseo.com.br\/hidrovida\/wp-content\/uploads\/2025\/11\/Sem-Titulo-13131.jpg 500w, https:\/\/evangelhodoseo.com.br\/hidrovida\/wp-content\/uploads\/2025\/11\/Sem-Titulo-13131-300x300.jpg 300w, https:\/\/evangelhodoseo.com.br\/hidrovida\/wp-content\/uploads\/2025\/11\/Sem-Titulo-13131-150x150.jpg 150w, https:\/\/evangelhodoseo.com.br\/hidrovida\/wp-content\/uploads\/2025\/11\/Sem-Titulo-13131-430x430.jpg 430w\" sizes=\"auto, (max-width: 500px) 100vw, 500px\" \/>\n                        <ul class=\"gallery-icon-container\">\n                            <li><a class=\"gallery-light-box\" data-gall=\"myGallery\" href=\"https:\/\/evangelhodoseo.com.br\/hidrovida\/wp-content\/uploads\/2025\/11\/Sem-Titulo-13131.jpg\"><i class=\"fa fa-brands fa-instagram\"><\/i><\/a><\/li>\n                        <\/ul>\n                    <\/div>\n                    <\/div><\/div>[\/vc_column][\/vc_row][vc_row sharai_khana_custom_class=&#8221;section-content-block&#8221;][vc_column]<div class=\"row section-heading-wrapper\">\n                            <div class=\"col-md-12 col-sm-12 text-center\">\n                                \n                                \n                                <h2 class=\"section-heading\" >Diferenciais<\/h2>\n                            <\/div>\n                        <\/div><div class=\"item_3 row\"  data-item_page=\"3\"><div class=\"col-md-4 col-sm-6 col-xs-12 \">\n                                <article class=\"highlight-layout-1 text-center highlight-box-shadow \">\n                                    \n                                    <span class=\"fas fa-star\"><\/span>\n                                    <h2><a href=\"http:\/\/localhost\/knowledgedesk\/element-logos\/\" title=\"Treinos\"  >Treinos<\/a><\/h2>\n                                    <p>Treino de for\u00e7a, funcional e aer\u00f3bio.<\/p>\n                                    \n                                <\/article>\n                            <\/div><div class=\"col-md-4 col-sm-6 col-xs-12 \">\n                                <article class=\"highlight-layout-1 text-center highlight-box-shadow \">\n                                    \n                                    <span class=\"fas fa-star\"><\/span>\n                                    <h2>Ambiente<\/h2>\n                                    <p>Ambiente confort\u00e1vel e seguro (seguimos os protocolos de seguran\u00e7a e sa\u00fade), com ar condicionado.<\/p>\n                                    \n                                <\/article>\n                            <\/div><div class=\"col-md-4 col-sm-6 col-xs-12 \">\n                                <article class=\"highlight-layout-1 text-center highlight-box-shadow \">\n                                    \n                                    <span class=\"fas fa-star\"><\/span>\n                                    <h2><a href=\"http:\/\/localhost\/wp_knowledgedesk\/jumbo-search-example\/\" title=\"Atendimento\"  >Atendimento<\/a><\/h2>\n                                    <p>Atendimento similar a personal trainer a um custo menor (um professor para tr\u00eas alunos).<\/p>\n                                    \n                                <\/article>\n                            <\/div><\/div>[\/vc_column][\/vc_row]\n<\/div>","protected":false},"excerpt":{"rendered":"<p>[vc_row full_width=&#8221;stretch_row&#8221; sharai_khana_custom_class=&#8221;section-content-block&#8221; css=&#8221;.vc_custom_1756425631206{padding-top: 80px !important;background-color: #edf0f2 !important;}&#8221; el_class=&#8221;section-curve-white-overlary&#8221;][vc_column width=&#8221;1\/2&#8243;][\/vc_column][vc_column width=&#8221;1\/2&#8243; css=&#8221;.vc_custom_1756084183821{padding-top: 30px !important;}&#8221;][vc_single_image image=&#8221;4158&#8243; img_size=&#8221;full&#8221; css=&#8221;&#8221;][\/vc_column][\/vc_row][vc_row sharai_khana_custom_class=&#8221;section-content-block&#8221; css=&#8221;.vc_custom_1763516812374{background-color: #FFFFFF !important;}&#8221;][vc_column][\/vc_column][\/vc_row][vc_row sharai_khana_custom_class=&#8221;section-content-block&#8221;][vc_column][\/vc_column][\/vc_row]<\/p>\n","protected":false},"author":2,"featured_media":0,"parent":0,"menu_order":0,"comment_status":"closed","ping_status":"closed","template":"template-homepage-header1.php","meta":{"footnotes":""},"class_list":["post-3693","page","type-page","status-publish","hentry"],"yoast_head":"<!-- This site is optimized with the Yoast SEO plugin v27.4 - https:\/\/yoast.com\/product\/yoast-seo-wordpress\/ -->\n<title>Studio - Hidrovida G\u00e1vea: Nata\u00e7\u00e3o, Hidro, Fisioterapia e Studio no RJ<\/title>\n<meta name=\"robots\" content=\"noindex, follow, max-snippet:-1, max-image-preview:large, max-video-preview:-1\" \/>\n<meta property=\"og:locale\" content=\"pt_BR\" \/>\n<meta property=\"og:type\" content=\"article\" \/>\n<meta property=\"og:title\" content=\"Studio - Hidrovida G\u00e1vea: Nata\u00e7\u00e3o, Hidro, Fisioterapia e Studio no RJ\" \/>\n<meta property=\"og:description\" content=\"[vc_row full_width=&#8221;stretch_row&#8221; sharai_khana_custom_class=&#8221;section-content-block&#8221; css=&#8221;.vc_custom_1756425631206{padding-top: 80px !important;background-color: #edf0f2 !important;}&#8221; el_class=&#8221;section-curve-white-overlary&#8221;][vc_column width=&#8221;1\/2&#8243;][\/vc_column][vc_column width=&#8221;1\/2&#8243; css=&#8221;.vc_custom_1756084183821{padding-top: 30px !important;}&#8221;][vc_single_image image=&#8221;4158&#8243; img_size=&#8221;full&#8221; css=&#8221;&#8221;][\/vc_column][\/vc_row][vc_row sharai_khana_custom_class=&#8221;section-content-block&#8221; css=&#8221;.vc_custom_1763516812374{background-color: #FFFFFF !important;}&#8221;][vc_column][\/vc_column][\/vc_row][vc_row sharai_khana_custom_class=&#8221;section-content-block&#8221;][vc_column][\/vc_column][\/vc_row]\" \/>\n<meta property=\"og:url\" content=\"https:\/\/hidrovida.com.brstudio\/\" \/>\n<meta property=\"og:site_name\" content=\"Hidrovida G\u00e1vea: Nata\u00e7\u00e3o, Hidro, Fisioterapia e Studio no RJ\" \/>\n<meta property=\"article:modified_time\" content=\"2026-03-17T01:17:58+00:00\" \/>\n<meta name=\"twitter:card\" content=\"summary_large_image\" \/>\n<meta name=\"twitter:label1\" content=\"Est. tempo de leitura\" \/>\n\t<meta name=\"twitter:data1\" content=\"2 minutos\" \/>\n<script type=\"application\/ld+json\" class=\"yoast-schema-graph\">{\"@context\":\"https:\\\/\\\/schema.org\",\"@graph\":[{\"@type\":\"WebPage\",\"@id\":\"https:\\\/\\\/hidrovida.com.brstudio\\\/\",\"url\":\"https:\\\/\\\/hidrovida.com.brstudio\\\/\",\"name\":\"Studio - Hidrovida G\u00e1vea: Nata\u00e7\u00e3o, Hidro, Fisioterapia e Studio no RJ\",\"isPartOf\":{\"@id\":\"https:\\\/\\\/hidrovida.com.br\\\/#website\"},\"datePublished\":\"2025-08-28T23:14:49+00:00\",\"dateModified\":\"2026-03-17T01:17:58+00:00\",\"breadcrumb\":{\"@id\":\"https:\\\/\\\/hidrovida.com.brstudio\\\/#breadcrumb\"},\"inLanguage\":\"pt-BR\",\"potentialAction\":[{\"@type\":\"ReadAction\",\"target\":[\"https:\\\/\\\/hidrovida.com.brstudio\\\/\"]}]},{\"@type\":\"BreadcrumbList\",\"@id\":\"https:\\\/\\\/hidrovida.com.brstudio\\\/#breadcrumb\",\"itemListElement\":[{\"@type\":\"ListItem\",\"position\":1,\"name\":\"In\u00edcio\",\"item\":\"https:\\\/\\\/hidrovida.com.br\"},{\"@type\":\"ListItem\",\"position\":2,\"name\":\"Studio\"}]},{\"@type\":\"WebSite\",\"@id\":\"https:\\\/\\\/hidrovida.com.br\\\/#website\",\"url\":\"https:\\\/\\\/hidrovida.com.br\\\/\",\"name\":\"My Blog\",\"description\":\"\",\"potentialAction\":[{\"@type\":\"SearchAction\",\"target\":{\"@type\":\"EntryPoint\",\"urlTemplate\":\"https:\\\/\\\/hidrovida.com.br\\\/?s={search_term_string}\"},\"query-input\":{\"@type\":\"PropertyValueSpecification\",\"valueRequired\":true,\"valueName\":\"search_term_string\"}}],\"inLanguage\":\"pt-BR\"}]}<\/script>\n<!-- \/ Yoast SEO plugin. -->","yoast_head_json":{"title":"Studio - Hidrovida G\u00e1vea: Nata\u00e7\u00e3o, Hidro, Fisioterapia e Studio no RJ","robots":{"index":"noindex","follow":"follow","max-snippet":"max-snippet:-1","max-image-preview":"max-image-preview:large","max-video-preview":"max-video-preview:-1"},"og_locale":"pt_BR","og_type":"article","og_title":"Studio - Hidrovida G\u00e1vea: Nata\u00e7\u00e3o, Hidro, Fisioterapia e Studio no RJ","og_description":"[vc_row full_width=&#8221;stretch_row&#8221; sharai_khana_custom_class=&#8221;section-content-block&#8221; css=&#8221;.vc_custom_1756425631206{padding-top: 80px !important;background-color: #edf0f2 !important;}&#8221; el_class=&#8221;section-curve-white-overlary&#8221;][vc_column width=&#8221;1\/2&#8243;][\/vc_column][vc_column width=&#8221;1\/2&#8243; css=&#8221;.vc_custom_1756084183821{padding-top: 30px !important;}&#8221;][vc_single_image image=&#8221;4158&#8243; img_size=&#8221;full&#8221; css=&#8221;&#8221;][\/vc_column][\/vc_row][vc_row sharai_khana_custom_class=&#8221;section-content-block&#8221; css=&#8221;.vc_custom_1763516812374{background-color: #FFFFFF !important;}&#8221;][vc_column][\/vc_column][\/vc_row][vc_row sharai_khana_custom_class=&#8221;section-content-block&#8221;][vc_column][\/vc_column][\/vc_row]","og_url":"https:\/\/hidrovida.com.brstudio\/","og_site_name":"Hidrovida G\u00e1vea: Nata\u00e7\u00e3o, Hidro, Fisioterapia e Studio no RJ","article_modified_time":"2026-03-17T01:17:58+00:00","twitter_card":"summary_large_image","twitter_misc":{"Est. tempo de leitura":"2 minutos"},"schema":{"@context":"https:\/\/schema.org","@graph":[{"@type":"WebPage","@id":"https:\/\/hidrovida.com.brstudio\/","url":"https:\/\/hidrovida.com.brstudio\/","name":"Studio - Hidrovida G\u00e1vea: Nata\u00e7\u00e3o, Hidro, Fisioterapia e Studio no RJ","isPartOf":{"@id":"https:\/\/hidrovida.com.br\/#website"},"datePublished":"2025-08-28T23:14:49+00:00","dateModified":"2026-03-17T01:17:58+00:00","breadcrumb":{"@id":"https:\/\/hidrovida.com.brstudio\/#breadcrumb"},"inLanguage":"pt-BR","potentialAction":[{"@type":"ReadAction","target":["https:\/\/hidrovida.com.brstudio\/"]}]},{"@type":"BreadcrumbList","@id":"https:\/\/hidrovida.com.brstudio\/#breadcrumb","itemListElement":[{"@type":"ListItem","position":1,"name":"In\u00edcio","item":"https:\/\/hidrovida.com.br"},{"@type":"ListItem","position":2,"name":"Studio"}]},{"@type":"WebSite","@id":"https:\/\/hidrovida.com.br\/#website","url":"https:\/\/hidrovida.com.br\/","name":"My Blog","description":"","potentialAction":[{"@type":"SearchAction","target":{"@type":"EntryPoint","urlTemplate":"https:\/\/hidrovida.com.br\/?s={search_term_string}"},"query-input":{"@type":"PropertyValueSpecification","valueRequired":true,"valueName":"search_term_string"}}],"inLanguage":"pt-BR"}]}},"_links":{"self":[{"href":"https:\/\/evangelhodoseo.com.br\/hidrovida\/wp-json\/wp\/v2\/pages\/3693","targetHints":{"allow":["GET"]}}],"collection":[{"href":"https:\/\/evangelhodoseo.com.br\/hidrovida\/wp-json\/wp\/v2\/pages"}],"about":[{"href":"https:\/\/evangelhodoseo.com.br\/hidrovida\/wp-json\/wp\/v2\/types\/page"}],"author":[{"embeddable":true,"href":"https:\/\/evangelhodoseo.com.br\/hidrovida\/wp-json\/wp\/v2\/users\/2"}],"replies":[{"embeddable":true,"href":"https:\/\/evangelhodoseo.com.br\/hidrovida\/wp-json\/wp\/v2\/comments?post=3693"}],"version-history":[{"count":28,"href":"https:\/\/evangelhodoseo.com.br\/hidrovida\/wp-json\/wp\/v2\/pages\/3693\/revisions"}],"predecessor-version":[{"id":4159,"href":"https:\/\/evangelhodoseo.com.br\/hidrovida\/wp-json\/wp\/v2\/pages\/3693\/revisions\/4159"}],"wp:attachment":[{"href":"https:\/\/evangelhodoseo.com.br\/hidrovida\/wp-json\/wp\/v2\/media?parent=3693"}],"curies":[{"name":"wp","href":"https:\/\/api.w.org\/{rel}","templated":true}]}}